e 0 = 4*g + g - 20. Let a(t) = 13*t - 3. Let x(w) = 12*w - 2. Let i(y) = g*x(y) - 3*a(y). Is i(4) composite?
False
Suppose -2*t - 2*t + 1092 = 0. Let i = -36 + t. Is i/6*1*2 prime?
True
Let p be 0 + (-2)/(6/(-9)). Suppose y + p = -0. Is 2/3 + (-103)/y a prime number?
False
Let l be 20/6*(-12)/(-10). Suppose 0 = l*q - 224 - 524. Is q prime?
False
Suppose 0*w = -4*w + 8. Is (13 - 2 - 2) + w prime?
True
Suppose 5*h = -f - 12 - 188, -f + 151 = -4*h. Suppose 0*b + 4 = -a - 4*b, 0 = 2*a + 4*b. Let q = a - h. Is q composite?
False
Let c = -2 - -3. Let y be (c + 1)*(-60)/8. Is (y/(-10))/(1/4) a composite number?
True
Let t(m) = 13*m**2 + 5*m - 1. Let f(l) = -13*l**2 - 6*l + 1. Let d(w) = 2*f(w) + 3*t(w). Let y be 18/8 + (-1)/4. Is d(y) a prime number?
False
Let o(s) = s + 115. Let i be -1 + 1 + -3 + 3. Is o(i) a prime number?
False
Let q be (-4)/(-10)*5*2. Suppose d + 14 = -q*y + 579, 0 = -2*y + 4*d + 296. Is y a composite number?
True
Suppose 8*f + 4315 = 13*f. Is f a prime number?
True
Let o = 39 - -198. Is o a prime number?
False
Let b be 1*14*1/2. Let m = 14 + b. Is m prime?
False
Suppose 5 = -4*v - 15, -3*v - 27 = -4*w. Is (w - 7/2)*-1306 composite?
False
Let r(k) = 2*k**3 + 4*k**2 - 4*k - 1. Let w = 1 - -4. Is r(w) prime?
False
Let y be -11 - (-1 + 0/(-2)). Let g = y + 23. Is g composite?
False
Let b(w) = w + 9. Let s be b(-10). Is (0 - (-268)/(-4))/s composite?
False
Let c = 5 - 0. Suppose c*w - 1043 = r, -5*w - 2*r + 408 = -626. Suppose -4*d + 4 = 0, 3*d = 5*x - 744 - w. Is x a composite number?
False
Let r = 91 - -560. Suppose o + 2*o = r. Is o a prime number?
False
Is (0 + (-5)/(-2) + -3)*-2554 composite?
False
Suppose 0*u + 3*u + 159 = -3*f, -2*f - 8 = 0. Is (-6202)/u - (-3)/7 composite?
False
Suppose a - 4*c - 1467 = -4*a, 2*c = -2*a + 594. Is a a prime number?
False
Suppose 2*p - 4*h - 1058 = 0, 2*p + 3*h + 528 = 3*p. Let r = p + -340. Is r prime?
True
Let c = -355 - -594. Is c a prime number?
True
Suppose 9*r + 4106 = 11*r. Is r a composite number?
False
Suppose 5*o - 65 - 15 = 0. Let k = o + -2. Is k composite?
True
Suppose 4*w = -2*o + 3454, 2*o - 5*w + 4*w - 3469 = 0. Is o prime?
True
Suppose 0 = -6*v + 3*v + 993. Is v a composite number?
False
Let q be (-24)/(-10) - 8/20. Suppose -f + 87 = -q*c - 35, 0 = f + 4*c - 122. Is f prime?
False
Let v be 2 - -1 - (3 + -5). Suppose v*s - 4 = 166. Is s a prime number?
False
Let v = -1295 + 2262. Is v composite?
False
Suppose q - 16 = -4*k, 0*k + k + 3*q + 7 = 0. Is (6/k)/(18/45) prime?
True
Is (-747)/(-36)*(44 + 0) a prime number?
False
Let b(k) = 3*k**2 + 5. Let u = -16 - -22. Is b(u) a prime number?
True
Let h(q) = -q**2 + 2*q - 1. Let d be h(2). Let b be (d/3)/(2/(-18)). Suppose 2*k - 176 = -2*o, -b*k - o = -k - 177. Is k a prime number?
True
Suppose 3*f - 1109 = 250. Is f composite?
True
Let u(v) = -v**3 + 13*v**2 + 19. Is u(13) composite?
False
Suppose 0*h - 2 = -h. Let g be (-4)/2 + (-8)/h. Let t(q) = q**2 + 7*q + 9. Is t(g) composite?
False
Let l = 13 - 8. Suppose -l*k = 6 - 31. Suppose 0 = 4*w - a - 92, 4*a = -k*w + 3*a + 106. Is w prime?
False
Is 0 + 250 + (-6 - -3)/(-3) a composite number?
False
Let v(z) = -7*z**3 - 24*z**2 + 25*z**2 + 3*z - 12*z**3 - 4. Let j(x) = 18*x**3 - x**2 - 4*x + 5. Let b(u) = -4*j(u) - 5*v(u). Is b(1) prime?
True
Let l be (-1)/(4 - 2)*-2. Let h be (-47)/(-4) + (-4)/(-16). Is h - (-2*l - -3) a composite number?
False
Suppose 4 - 14 = 2*b, 4*b = -r + 93. Is r composite?
False
Let m = -121 - -56. Suppose -t - 4 = 22. Let o = t - m. Is o a prime number?
False
Suppose 2*z - 23 = -2*k - 3, 3*k + z = 26. Suppose 4*r = -2*g + k, 4*g - 7*r = -3*r + 28. Is ((-92)/g)/(3/(-9)) a prime number?
False
Suppose 37*b + 9246 = 43*b. Is b prime?
False
Let u be 30/20*4/3. Is ((-4)/6)/(u/(-18)) composite?
True
Let p be (-58)/(-12) + 4/24. Suppose -p = -2*h - 3*h. Suppose 4*w - 649 = -5*o, 3*w = -h + 4. Is o prime?
False
Suppose 5 = 4*i - 7. Let q = i - 0. Suppose -q*m + 4*o - 14 = -191, 5*m - 3*o = 284. Is m composite?
True
Suppose n = 5*n. Suppose n = 2*u - 3*u. Suppose 2*m - 36 - 6 = u. Is m a prime number?
False
Suppose 0 = -14*i + 12725 + 3669. Is i prime?
True
Suppose 0 = 4*c - 182 - 38. Is c prime?
False
Let d = -2 - -5. Suppose 0 = -3*w - 3*f - f - 385, 0 = -5*w + d*f - 632. Let k = -74 - w. Is k composite?
False
Let g(v) = v + 13. Let j be g(-7). Let q be (9/j)/(6/8). Suppose b + 2 - 7 = -x, -q*x + 13 = 3*b. Is b a composite number?
False
Let a(v) = 45*v**2 + 19*v - 39. Is a(-16) composite?
False
Let o(q) = -9*q + 4. Suppose 2*a - 5*a - 4*f = 23, 4*a - 4*f + 12 = 0. Is o(a) composite?
True
Suppose 2*q = -4*v - 14, 4*v - 3*v + 4 = 0. Is ((-1 - -1) + q)*51 prime?
False
Let v = 307 - 194. Is v composite?
False
Suppose -10191 = -6*n - 3129. Let i = n - 840. Is i a composite number?
False
Let v(y) = y**2 + 2*y - 3. Let d be v(7). Let q = d + 124. Suppose 2*b - q = -18. Is b a composite number?
False
Let z(p) = p**2 + 5*p + 1. Let q be z(-5). Suppose q = -4*c + 149. Is c a prime number?
True
Let c = 9 - -4. Let w = c + -8. Let k(x) = 18*x + 7. Is k(w) a prime number?
True
Let y(n) = n**3 + 10*n**2 + 9*n - 1. Is y(-7) a prime number?
True
Let o be 146 - (0 + 6 + -3). Suppose -d = 3*h - 998, -h + 4*d = -168 - o. Is h prime?
True
Let p(d) = -d**3 - 3*d**2 - 2*d + 5. Let n be p(-7). Suppose r - 6*r = -n. Is r a composite number?
False
Suppose -5*p - o = -72, -2*o + 0*o + 60 = 4*p. Is p prime?
False
Let u(b) = 2*b**3 + 7*b**2 + b + 5. Let v be u(-6). Is v/(-2) - 1/(-2) a prime number?
False
Suppose 0*f + 2*f - 151 = 5*c, -179 = -3*f - 2*c. Suppose -3*y = -f - 48. Is y prime?
True
Let x = -2 + -4. Let s(i) = -4*i - 5. Is s(x) a prime number?
True
Suppose -4*n + 4*c + 28 = -0*c, c + 15 = 5*n. Suppose -3*k = 2*q + k + 8, -k = 5*q + n. Suppose -3*t = i - q*t - 4, 3*t = i - 10. Is i a composite number?
False
Let a be (-37)/(-7) - 2/7. Let l = a + -2. Suppose l*w = 4*w - 134. Is w a prime number?
False
Suppose -c = c - 10. Suppose 2*y + 0 = 10, -3*j - c*y = -190. Is j a prime number?
False
Is -27*(-9)/3 + 2 composite?
False
Suppose -644 = -4*h + 4*g, -h - 2*g + 49 = -100. Is h a composite number?
False
Suppose u = -5*c + 1943, -u = -3*c + 4*c - 387. Is c a prime number?
True
Let i(y) = 6*y**2 + 3*y + 4. Let q be i(5). Suppose -5*m - 148 = -5*g + 4*g, -g = 2*m - q. Is g a composite number?
False
Let w = -532 - -903. Is w a composite number?
True
Let q be (1/2)/(1/10). Suppose -5*x - 70 = -5*m + 75, -m = q*x - 53. Is m a prime number?
False
Let z(f) = 81 + 4 + 9 + f - 15. Is z(0) composite?
False
Suppose -4*p + 0*p = 5*k - 64, -2*k - 4*p = -28. Suppose y + 3 = 5, 2*q + 2*y = k. Suppose 0*l = -5*j - l + 195, -q*l + 195 = 5*j. Is j composite?
True
Let c(m) = -4*m**2 - m**3 + 2 - 5*m**2 + 3*m**2 - 6*m + 0*m**2. Let z(i) = 3*i + 10. Let w be z(-5). Is c(w) composite?
False
Let k(i) = i**3 + 7*i**2 + 5*i - 1. Let t be k(-6). Suppose 854 = -0*o + 3*o + 4*y, -4*o - t*y = -1137. Suppose b + 2*s = 7*s + o, 0 = -b + s + 258. Is b prime?
False
Let o = -119 + 167. Suppose 0 = 2*f - s - o, -5*f + 4*s + 179 = 53. Suppose u - f = 1. Is u a composite number?
False
Let q(y) = -3*y - 62. Is q(-27) a composite number?
False
Let f = -5 - -5. Suppose 3*n + 2*n + 10 = f. Is n/(-6) - 184/(-6) a prime number?
True
Let a be (-1 - 0)*107*-1. Suppose -23 + a = 4*w. Is w a composite number?
True
Let h(b) be the third derivative of -2*b**4 - b**3/6 - 2*b**2. Let o(p) = p**2 - 5*p - 1. Let j be o(5). Is h(j) composite?
False
Suppose -3*s - 42 = -534. Let b = 285 - s. Is b a prime number?
False
Suppose -4*o + o = 630. Let d = o - -469. Is d composite?
True
Suppose 2*k - 20 = -4*b, b + 9*k - 14 = 4*k. Suppose -o - b*l = 3*o - 136, 5*o = -2*l + 161. Is o a composite number?
False
Suppose 36*s - 15085 = 31*s. Is s composite?
True
Suppose 7 = -2*i + 113. Is i a prime number?
True
Suppose 3*d - 762 = -2*o + 4*d, 4*d + 16 = 0. Is o prime?
True
Let w(u) = -8*u - 45. Is w(-23) a composite number?
False
Let z = 69 - 44. Let c = -6 + z. Is c composite?
False
Let y(h) = -6*h - 2. Suppose 6 = -4*k + 6*k. Suppose k*m = 2 - 26. Is y(m) composite?
True
Let x(j) = -j**3 - 6*j**2 - 4*j. Let p be x(-4). Let t = 34 + p. Suppose -2*l - t = -88. Is l a composite number?
True
Let w(u) = 0 + u**2 - u - 6*u + 0*u - 2. Let r be w(7). Is (5/4